{"id":157,"date":"2022-03-24T13:29:34","date_gmt":"2022-03-24T12:29:34","guid":{"rendered":"https:\/\/cleanmen-stuttgart.de\/?page_id=157"},"modified":"2022-05-13T15:14:51","modified_gmt":"2022-05-13T13:14:51","slug":"unterhaltsreinigunr","status":"publish","type":"page","link":"https:\/\/cleanmen-stuttgart.de\/?page_id=157","title":{"rendered":"Unterhaltsreinigung"},"content":{"rendered":"\n<figure class=\"wp-block-image size-large is-resized\"><img loading=\"lazy\" decoding=\"async\" src=\"https:\/\/cleanmen-stuttgart.de\/wp-content\/uploads\/2022\/03\/iStock-838837388-1024x683.jpg\" alt=\"\" class=\"wp-image-235\" width=\"1139\" height=\"760\" srcset=\"https:\/\/cleanmen-stuttgart.de\/wp-content\/uploads\/2022\/03\/iStock-838837388-1024x683.jpg 1024w, https:\/\/cleanmen-stuttgart.de\/wp-content\/uploads\/2022\/03\/iStock-838837388-300x200.jpg 300w, https:\/\/cleanmen-stuttgart.de\/wp-content\/uploads\/2022\/03\/iStock-838837388-768x512.jpg 768w, https:\/\/cleanmen-stuttgart.de\/wp-content\/uploads\/2022\/03\/iStock-838837388.jpg 1254w\" sizes=\"auto, (max-width: 1139px) 100vw, 1139px\" \/><figcaption>Unterhaltsreinigung<\/figcaption><\/figure>\n\n\n<p class=\"has-text-align-left\">Eine professionelle Unterhaltsreinigung erfordert\u00a0<strong><span style=\"font-weight: normal;\">Ausr\u00fcstung und Wissen<\/span><\/strong>\u00a0und<br \/>sollte in einem\u00a0<strong><span style=\"font-weight: normal;\">wiederkehrenden Intervall<\/span>\u00a0<\/strong>stattfinden. Daher ist unser Reinigungsteam<br \/>t\u00e4glich in Baden-W\u00fcrttemberg und Bayern im Einsatz, um in B\u00fcro-, Praxis- und<br \/>Verwaltungsr\u00e4umen f\u00fcr\u00a0<strong><span style=\"font-weight: normal;\">Ordnung und Sauberkeit<\/span>\u00a0<\/strong>zu sorgen.<\/p>\n<p><!-- \/wp:post-content --><!-- wp:paragraph --><\/p>\n<p>Mit einem optisch und hygienisch reinen Geb\u00e4ude machen Sie nicht nur einen\u00a0<strong><span style=\"font-weight: normal;\">positiven Eindruck<\/span><\/strong>\u00a0auf<br \/>Kundinnen und Kunden, sondern auch Ihr Personal arbeitet in einer sauberen Umgebung produktiver.<\/p>\n<p><!-- \/wp:paragraph --><\/p>","protected":false},"excerpt":{"rendered":"<p>Eine professionelle Unterhaltsreinigung erfordert\u00a0Ausr\u00fcstung und Wissen\u00a0undsollte in einem\u00a0wiederkehrenden Intervall\u00a0stattfinden. Daher ist unser Reinigungsteamt\u00e4glich in Baden-W\u00fcrttemberg und Bayern im Einsatz, um in B\u00fcro-, Praxis- undVerwaltungsr\u00e4umen f\u00fcr\u00a0Ordnung und Sauberkeit\u00a0zu sorgen. Mit einem [&hellip;]<\/p>\n","protected":false},"author":1,"featured_media":0,"parent":0,"menu_order":0,"comment_status":"closed","ping_status":"closed","template":"","meta":{"footnotes":""},"class_list":["post-157","page","type-page","status-publish","hentry"],"_links":{"self":[{"href":"https:\/\/cleanmen-stuttgart.de\/index.php?rest_route=\/wp\/v2\/pages\/157","targetHints":{"allow":["GET"]}}],"collection":[{"href":"https:\/\/cleanmen-stuttgart.de\/index.php?rest_route=\/wp\/v2\/pages"}],"about":[{"href":"https:\/\/cleanmen-stuttgart.de\/index.php?rest_route=\/wp\/v2\/types\/page"}],"author":[{"embeddable":true,"href":"https:\/\/cleanmen-stuttgart.de\/index.php?rest_route=\/wp\/v2\/users\/1"}],"replies":[{"embeddable":true,"href":"https:\/\/cleanmen-stuttgart.de\/index.php?rest_route=%2Fwp%2Fv2%2Fcomments&post=157"}],"version-history":[{"count":6,"href":"https:\/\/cleanmen-stuttgart.de\/index.php?rest_route=\/wp\/v2\/pages\/157\/revisions"}],"predecessor-version":[{"id":328,"href":"https:\/\/cleanmen-stuttgart.de\/index.php?rest_route=\/wp\/v2\/pages\/157\/revisions\/328"}],"wp:attachment":[{"href":"https:\/\/cleanmen-stuttgart.de\/index.php?rest_route=%2Fwp%2Fv2%2Fmedia&parent=157"}],"curies":[{"name":"wp","href":"https:\/\/api.w.org\/{rel}","templated":true}]}}