{"id":191,"date":"2022-03-24T13:53:24","date_gmt":"2022-03-24T12:53:24","guid":{"rendered":"https:\/\/cleanmen-stuttgart.de\/?page_id=191"},"modified":"2022-05-04T19:14:06","modified_gmt":"2022-05-04T17:14:06","slug":"aussenreinigung","status":"publish","type":"page","link":"https:\/\/cleanmen-stuttgart.de\/?page_id=191","title":{"rendered":"Au\u00dfenreinigung"},"content":{"rendered":"\n<figure class=\"wp-block-image size-full\"><img loading=\"lazy\" decoding=\"async\" width=\"724\" height=\"483\" src=\"https:\/\/cleanmen-stuttgart.de\/wp-content\/uploads\/2022\/05\/iStock-1333001772.jpg\" alt=\"\" class=\"wp-image-284\" srcset=\"https:\/\/cleanmen-stuttgart.de\/wp-content\/uploads\/2022\/05\/iStock-1333001772.jpg 724w, https:\/\/cleanmen-stuttgart.de\/wp-content\/uploads\/2022\/05\/iStock-1333001772-300x200.jpg 300w\" sizes=\"auto, (max-width: 724px) 100vw, 724px\" \/><figcaption>Au\u00dfenreinigung.<\/figcaption><\/figure>\n\n\n\n<p>Professionelle Au\u00dfenreinigung &#8211; hinterlassen Sie schon auf den ersten Blick einen guten Eindruck und \u00fcberzeugen Sie mit einer gepflegten und sauberen Fassade. Wir sorgen daf\u00fcr, dass sich Kunden bereits vor dem Betreten Ihres Geb\u00e4udes wohlf\u00fchlen und schaffen so eine vertrauensvolle Basis f\u00fcr die erfolgreiche Zusammenarbeit<\/p>\n","protected":false},"excerpt":{"rendered":"<p>Professionelle Au\u00dfenreinigung &#8211; hinterlassen Sie schon auf den ersten Blick einen guten Eindruck und \u00fcberzeugen Sie mit einer gepflegten und sauberen Fassade. Wir sorgen daf\u00fcr, dass sich Kunden bereits vor [&hellip;]<\/p>\n","protected":false},"author":1,"featured_media":0,"parent":0,"menu_order":0,"comment_status":"closed","ping_status":"closed","template":"","meta":{"footnotes":""},"class_list":["post-191","page","type-page","status-publish","hentry"],"_links":{"self":[{"href":"https:\/\/cleanmen-stuttgart.de\/index.php?rest_route=\/wp\/v2\/pages\/191","targetHints":{"allow":["GET"]}}],"collection":[{"href":"https:\/\/cleanmen-stuttgart.de\/index.php?rest_route=\/wp\/v2\/pages"}],"about":[{"href":"https:\/\/cleanmen-stuttgart.de\/index.php?rest_route=\/wp\/v2\/types\/page"}],"author":[{"embeddable":true,"href":"https:\/\/cleanmen-stuttgart.de\/index.php?rest_route=\/wp\/v2\/users\/1"}],"replies":[{"embeddable":true,"href":"https:\/\/cleanmen-stuttgart.de\/index.php?rest_route=%2Fwp%2Fv2%2Fcomments&post=191"}],"version-history":[{"count":4,"href":"https:\/\/cleanmen-stuttgart.de\/index.php?rest_route=\/wp\/v2\/pages\/191\/revisions"}],"predecessor-version":[{"id":286,"href":"https:\/\/cleanmen-stuttgart.de\/index.php?rest_route=\/wp\/v2\/pages\/191\/revisions\/286"}],"wp:attachment":[{"href":"https:\/\/cleanmen-stuttgart.de\/index.php?rest_route=%2Fwp%2Fv2%2Fmedia&parent=191"}],"curies":[{"name":"wp","href":"https:\/\/api.w.org\/{rel}","templated":true}]}}