{"id":215,"date":"2022-03-24T13:57:29","date_gmt":"2022-03-24T12:57:29","guid":{"rendered":"https:\/\/cleanmen-stuttgart.de\/?page_id=215"},"modified":"2022-05-04T18:18:50","modified_gmt":"2022-05-04T16:18:50","slug":"gartenpflege","status":"publish","type":"page","link":"https:\/\/cleanmen-stuttgart.de\/?page_id=215","title":{"rendered":"Gartenpflege"},"content":{"rendered":"\n<figure class=\"wp-block-image size-large\"><img loading=\"lazy\" decoding=\"async\" width=\"1024\" height=\"683\" src=\"https:\/\/cleanmen-stuttgart.de\/wp-content\/uploads\/2022\/03\/iStock-451407227-1024x683.jpg\" alt=\"\" class=\"wp-image-241\" srcset=\"https:\/\/cleanmen-stuttgart.de\/wp-content\/uploads\/2022\/03\/iStock-451407227-1024x683.jpg 1024w, https:\/\/cleanmen-stuttgart.de\/wp-content\/uploads\/2022\/03\/iStock-451407227-300x200.jpg 300w, https:\/\/cleanmen-stuttgart.de\/wp-content\/uploads\/2022\/03\/iStock-451407227-768x512.jpg 768w, https:\/\/cleanmen-stuttgart.de\/wp-content\/uploads\/2022\/03\/iStock-451407227.jpg 1254w\" sizes=\"auto, (max-width: 1024px) 100vw, 1024px\" \/><figcaption>Gartenpflege<\/figcaption><\/figure>\n\n\n\n<p>Ein sattgr\u00fcner Rasen, farbenpr\u00e4chtige Blumen und \u00fcppige Hecken \u2013 soweit die Wunschvorstellung des heimischen Gartens. Unkraut, braun-trockene Stellen und unf\u00f6rmig gewachsene Str\u00e4ucher sind jedoch die Regel. Denn wer hat neben Job, Familie und anderen Verpflichtungen schon die Zeit, sich auch noch um einen verwilderten Garten zu k\u00fcmmern? Kein Problem \u2013 bieten auch Gartenarbeit und Gr\u00fcnfl\u00e4chenpflege an.<\/p>\n","protected":false},"excerpt":{"rendered":"<p>Garten<br \/>\nReinigung<br \/>\nGartenpflege <\/p>\n","protected":false},"author":1,"featured_media":0,"parent":0,"menu_order":0,"comment_status":"closed","ping_status":"closed","template":"","meta":{"footnotes":""},"class_list":["post-215","page","type-page","status-publish","hentry"],"_links":{"self":[{"href":"https:\/\/cleanmen-stuttgart.de\/index.php?rest_route=\/wp\/v2\/pages\/215","targetHints":{"allow":["GET"]}}],"collection":[{"href":"https:\/\/cleanmen-stuttgart.de\/index.php?rest_route=\/wp\/v2\/pages"}],"about":[{"href":"https:\/\/cleanmen-stuttgart.de\/index.php?rest_route=\/wp\/v2\/types\/page"}],"author":[{"embeddable":true,"href":"https:\/\/cleanmen-stuttgart.de\/index.php?rest_route=\/wp\/v2\/users\/1"}],"replies":[{"embeddable":true,"href":"https:\/\/cleanmen-stuttgart.de\/index.php?rest_route=%2Fwp%2Fv2%2Fcomments&post=215"}],"version-history":[{"count":3,"href":"https:\/\/cleanmen-stuttgart.de\/index.php?rest_route=\/wp\/v2\/pages\/215\/revisions"}],"predecessor-version":[{"id":268,"href":"https:\/\/cleanmen-stuttgart.de\/index.php?rest_route=\/wp\/v2\/pages\/215\/revisions\/268"}],"wp:attachment":[{"href":"https:\/\/cleanmen-stuttgart.de\/index.php?rest_route=%2Fwp%2Fv2%2Fmedia&parent=215"}],"curies":[{"name":"wp","href":"https:\/\/api.w.org\/{rel}","templated":true}]}}